r?
False
Let f(z) = 16133*z**2 + 5. Is f(1) prime?
False
Suppose -4*c = -5*h - 27, 15 = 3*c - 2*h - 0*h. Suppose -2*s = -c*u + 243, 2*s - 507 = -5*u - 86. Is u a composite number?
False
Suppose 10*k = 69371 + 540639. Is k composite?
False
Is (-7 - (-197)/(-2))/(1/(-74)) prime?
False
Suppose 4 = a + 4*m - 16, -a - 3*m = -16. Suppose a*c + 1030 - 91 = 5*r, -3*r - 5*c + 593 = 0. Is r a prime number?
True
Let r be -72 + (-1)/1 + -2. Let j = 54 + r. Let b = j + 36. Is b composite?
True
Suppose -5*s + 22 = -28. Suppose -27 = -s*z + 7*z. Suppose z = -4*i + 85. Is i a prime number?
True
Let v(m) = m**3 + 12*m**2 + 20*m + 53. Is v(-10) composite?
False
Let y(b) = 1044*b - 24. Let x be y(8). Suppose 4*t + n - 8799 = 2312, -n = -3*t + x. Is t a composite number?
False
Suppose -3*r + 8 + 4 = 0. Suppose 8 = 2*p, -5*m + 5*p - r*p = -6711. Is m composite?
True
Suppose 0 = 2*h + 4*h - 226770. Is h/10*10/5 prime?
True
Let c(m) = -33*m**3 - 7*m**2 + 9*m - 44. Is c(-9) composite?
True
Suppose -8565 = p - 6*p - 5*l, -6 = -3*l. Is p a prime number?
False
Is 336466/(-13)*2/(-4)*1 composite?
False
Let l = -13 + 8. Is (-28808)/(-5) - (-3)/l prime?
False
Let n be (-2)/(-5) - 16/40. Suppose n*h = -3*h, 0 = -g + 4*h + 447. Suppose k + k - g = -3*t, 596 = 4*t + k. Is t prime?
True
Is (-126732)/(-18) - (-1)/3 prime?
False
Let y(a) = 28*a - 10. Let k be y(5). Suppose k = 5*r - 1575. Is r a prime number?
False
Let q be (-36)/(-4) + 1*-4. Suppose 5 = 2*l - o, 9*o = -4*l + 6*o - q. Is l/(((-2)/314)/(-1)) prime?
True
Is 16914*(7 - 328/48) a composite number?
False
Suppose 490*j = 492*j - 422. Is j a composite number?
False
Suppose -17*m - 92293 + 995350 = 0. Is m prime?
False
Let k be 22 + 12/(5 + -1). Suppose q + k = 6*q. Suppose -261 = -3*x - 2*h, 0*x + 2*x = q*h + 155. Is x prime?
False
Let s = 692 - 606. Is s a prime number?
False
Suppose 20*o = 1197080 + 66900. Is o a prime number?
True
Suppose -37 = -5*o - 12. Let a = 8 - o. Suppose -a*y + 349 = 3*j - 131, 2*y + 145 = j. Is j prime?
False
Suppose -24 = -5*j + 3*j. Let o be ((-1524)/(-48))/(1/j). Is o*(4 + (-25)/15) a composite number?
True
Suppose 15*f - 18*f + 33 = 0. Suppose -f*o = -o - 4450. Is o a prime number?
False
Suppose k - 6*k = -40. Suppose -5*y = -3*n - 1043, 0 = n + n - k. Is y a prime number?
True
Let c = -3 + 6. Suppose -r = -2*n + 10, 3*n + 5 + 7 = -c*r. Is 2800/12 - (-2)/r a composite number?
False
Let t(v) = -v**3 + 5*v**2 + v. Let x be t(5). Suppose -4*h - 19 = z - 810, x*h - 5 = 0. Is z composite?
False
Let u = 2670 + 1588. Is u composite?
True
Is (-4)/8*(-6411 - -5) composite?
False
Is (-86090)/(-18) - (-64)/288 a prime number?
True
Let c(o) = 9*o**3 - 13*o**2 - 13*o + 55. Is c(12) prime?
False
Let v(o) = o**3 + 3*o**2 - 4*o + 3. Let p be v(-4). Suppose -y + 0*c + 68 = -5*c, 4*c - 166 = -p*y. Is y composite?
True
Suppose -33*x - 13849 = -44*x. Is x composite?
False
Let s(k) = 3*k + 39. Let r(u) = -2*u - 19. Let h(p) = -9*r(p) - 5*s(p). Let q be h(0). Is (-645)/(-4) - (-6)/q a prime number?
False
Let z be (-100)/(-55) - (-4)/22. Suppose 0 = -z*s + 915 + 591. Is s a prime number?
False
Let z(p) = -42*p - 4. Let q be z(3). Let k be 635/(-3) - 3/9. Let a = q - k. Is a a composite number?
True
Suppose -2*u + 6*u - 16 = 0, u - 18865 = -3*i. Is i a prime number?
True
Suppose x = -h + 656, 650 = x + h + 3*h. Let a = x - -555. Is a a prime number?
True
Let c = 836 + -371. Suppose -5*d + 10*d - c = 0. Let v = 234 - d. Is v a composite number?
True
Suppose 7*l - 2*l - 4*y - 384441 = 0, -4*y + 230671 = 3*l. Is l a prime number?
False
Is 40/(-10) - -9803 - (-2 + 8) a prime number?
False
Let b be (0 - 1)*(-72)/8. Suppose -4 = -u - a, 4*u - 5*a - b - 34 = 0. Suppose m = 5*f + 78, u*f + 179 = 3*m + 3*f. Is m composite?
False
Let n(b) be the third derivative of 0*b + 0 - 2*b**2 - b**3 - 1/6*b**4. Is n(-7) a prime number?
False
Let y(r) = -r**3 + 24*r**2 + 20*r + 17. Let v be ((-24)/14)/(2/(-28)). Is y(v) a composite number?
True
Let y = -5 + 8. Suppose -3*p + 44 = -4*k + y*k, -k - p - 24 = 0. Let h = -15 - k. Is h prime?
False
Let t be (4/(-3))/((-5)/(-210)). Suppose -250 = -4*a + 398. Let m = a + t. Is m composite?
True
Let h be (4/(-1))/((-3)/((-18)/(-12))). Suppose -5*a = 5*q - 6985, 7*q - 2790 = -h*a + 3*q. Is a a prime number?
True
Let o(u) = 1921*u - 56. Is o(7) composite?
True
Let u = 19 + -16. Suppose 2*s + x - 445 = s, u*x = s - 461. Is s a prime number?
True
Suppose -9113 = -6*i + 1213. Is i a composite number?
False
Is (10 - (10 - 3034))*(-1)/(-2) a prime number?
False
Suppose -31679 = -3*g + 2*v, 0 = 4*g + 6*v - 7*v - 42237. Is g a prime number?
True
Let i(t) = 1273*t + 206. Is i(15) prime?
True
Let w(n) = 2*n**3 - 2*n - 1. Let u be w(-1). Is 774/9 - (-3)/u a composite number?
False
Suppose t - d = -3*t - 21, -d - 27 = 4*t. Let b(i) = 11*i**2 - 4*i - 11. Is b(t) prime?
True
Let o be ((-3)/2)/((-2)/((-32)/(-12))). Suppose m = -n - o*n + 1510, 4*m = 4*n + 6056. Is m a composite number?
True
Let r(s) = s**2 + 17*s + 18. Let t be r(-16). Let c(w) = 199*w**2 - 4*w + 3. Is c(t) prime?
False
Suppose -6*y = -13580 - 7780. Suppose 0*l = -4*l - 2*w + y, -l + 881 = -4*w. Is l composite?
True
Let o = -417 + 197. Let s = 477 - o. Is s composite?
True
Let i(k) = -k**3 - 13*k**2 + 8*k + 33. Suppose -2*p - 5*h = -3*h + 26, -p - 2*h = 10. Is i(p) a prime number?
True
Suppose -58*z + 1477241 + 1885425 = 0. Is z a composite number?
False
Let v(h) = 693*h + 166. Is v(55) a prime number?
True
Let x = -15061 - -23324. Is x composite?
False
Let w be 2 + (-689)/(-4) + 7/(-28). Let l = w + -95. Is l prime?
True
Suppose m - 2*k = k + 2180, -10968 = -5*m - 2*k. Let y = m - 1346. Suppose 2*g - y = -3*o + 1033, 1271 = 2*o + 5*g. Is o prime?
False
Suppose l = 3*b - 2549, -b - 4*l + 362 = -505. Suppose 5*v - b = 214. Is v a prime number?
False
Let z(m) = 21*m - 2. Let j be ((-4)/(-12) - 0)*6. Suppose -g + 11 = k, j*k = -3*g - 0*k + 29. Is z(g) composite?
True
Is 98292/28 + (-8)/(-14) composite?
False
Suppose g = -3*v + 11391, -4*v + 2746 = -g - 12449. Suppose 225 = 3*r - v. Suppose 4*l + 2 = 14, r = 3*p + 2*l. Is p composite?
True
Let j = 72 + -39. Let v = 38 - j. Suppose 3*y = 2*f + 425, -5*f - 188 = -v*y + 527. Is y prime?
True
Suppose -5*p - 104 = -9*p. Suppose -6 = -q + p. Is (-3178)/(-8) - 8/q a composite number?
False
Let r(a) = a - 18. Let l be r(11). Let p(d) = -8 + 13 + 12 - 4*d - 14*d. Is p(l) composite?
True
Let v = 52 + -5. Suppose -3*g + 20 = -8*g. Let u = v + g. Is u a prime number?
True
Suppose -h = 3*f - 199, 22*f = 5*h + 24*f - 1047. Is h a composite number?
False
Suppose 0 = g + 3*g - 16. Suppose -2*j + 6*j = u - 1643, -g*u + 6528 = -5*j. Is u/9 - (-12)/54 prime?
True
Let v = 1071 - 34. Is v a composite number?
True
Let w = -606 - -914. Suppose 0*t = 2*t - w. Suppose i = z + 3*z - 326, -5*i - t = -2*z. Is z a composite number?
True
Let j = 2 - 0. Suppose -2*u + 2 = 0, -4*q + q + 64 = -j*u. Suppose -q = 4*x - 258. Is x a composite number?
False
Is (-8)/12*466*(-9)/6 prime?
False
Suppose -a - s + 19 = 4*s, 0 = 4*a + s. Let b(q) = -206*q**2 - 515*q. Let o(t) = t. Let g(z) = -b(z) - 515*o(z). Is g(a) prime?
False
Suppose -3*o + 6 = 4*i - 2*i, -5*o + 9 = 3*i. Suppose 5*z = 13 - i. Suppose 4*x - 100 = -m, -x - z*x - m = -75. Is x a prime number?
False
Suppose 13 + 28 = -5*r - 2*g, -3*r + 2*g = 31. Let l = 30 + r. Is l prime?
False
Let w be (-2)/4*1*3842. Let k = -834 - w. Is k composite?
False
Let y(j) = 6*j**2 + 4*j + 7*j**3 - 2*j**3 + 10 - 6*j**3. Let b be y(7). Is (b/3)/(3/(-207)) a composite number?
True
Suppose -670 = 10*d + 1100. Let c = d - -830. Is c a composite number?
False
Suppose 0 = 21*i - 1984 - 33716. Suppose 2*y = k - 321, 2*y + 426 = -4*k + i. Is k a prime number?
False
Let o(h) = -h**2 - 3*h + 12. Let r be o(-5). Is (r/(-4))/(1/(-74)) a prime number?
True
Let k(x) = 36*x**2 + 13*x + 6. Let f(n) = 37*n**2 + 14*n + 6. Let g(l) = -2*f(l) + 3*k(l). Let u be g(9). Suppose -7*m = 220 - u. Is m a composite number?
True
Suppose -1650133 - 281242 = -25*b. Is b composite?
True
Let y(g) = 26*g**2 + 6*g + 31. Is y(18) composite?
False
Let z = 51452 + -36199. Is z prime?
False
Suppose -y + u + 7466 = 0, -4*y - 4*u - 22393 = -7*y. Is y composite?
True
Let s = 878 + 52377. Is s a composite number?
True
Let l be (-41